 8907409?
7, 19, 66973
List the prime factors of 4504784.
2, 281549
What are the prime factors of 7777117?
1511, 5147
List the prime factors of 31035587.
11, 389, 7253
What are the prime factors of 871067?
67, 13001
What are the prime factors of 27342330?
2, 3, 5, 19, 47969
List the prime factors of 863148.
2, 3, 11, 13, 503
What are the prime factors of 342769?
7, 23, 2129
List the prime factors of 604984.
2, 47, 1609
What are the prime factors of 5399525?
5, 215981
List the prime factors of 2440016.
2, 152501
What are the prime factors of 14321861?
311, 46051
What are the prime factors of 419769?
3, 7, 2221
List the prime factors of 611025.
3, 5, 8147
List the prime factors of 29469676.
2, 109, 257, 263
What are the prime factors of 398021?
13, 17, 1801
What are the prime factors of 1306384?
2, 81649
What are the prime factors of 26281279?
29, 607, 1493
List the prime factors of 2199322.
2, 41, 26821
What are the prime factors of 3240427?
911, 3557
What are the prime factors of 149875?
5, 11, 109
List the prime factors of 6915143.
61, 113363
What are the prime factors of 53529?
3, 7, 2549
What are the prime factors of 49661?
53, 937
What are the prime factors of 27252?
2, 3, 757
List the prime factors of 1038530.
2, 5, 17, 41, 149
What are the prime factors of 3142894?
2, 839, 1873
What are the prime factors of 1758734?
2, 29, 30323
What are the prime factors of 415878?
2, 3, 69313
List the prime factors of 584152.
2, 73019
What are the prime factors of 472472?
2, 7, 11, 13, 59
List the prime factors of 7714929.
3, 41, 62723
List the prime factors of 26545583.
26545583
What are the prime factors of 73247?
89, 823
What are the prime factors of 503195?
5, 7, 11, 1307
List the prime factors of 436065.
3, 5, 7, 4153
List the prime factors of 1734853.
31, 191, 293
List the prime factors of 7184796.
2, 3, 47, 12739
List the prime factors of 144495.
3, 5, 13, 19
List the prime factors of 1701708.
2, 3, 109, 1301
What are the prime factors of 121773?
3, 40591
List the prime factors of 11721966.
2, 3, 947, 2063
List the prime factors of 445108.
2, 223, 499
What are the prime factors of 9738112?
2, 76079
What are the prime factors of 9539?
9539
List the prime factors of 1799837.
13, 138449
What are the prime factors of 232529?
11, 21139
What are the prime factors of 926358?
2, 3, 181, 853
What are the prime factors of 211122?
2, 3, 37, 317
What are the prime factors of 16829087?
11, 1529917
What are the prime factors of 1076995?
5, 215399
What are the prime factors of 24629841?
3, 31, 43, 2053
What are the prime factors of 11206480?
2, 5, 127, 1103
List the prime factors of 7844997.
3, 2614999
What are the prime factors of 378683?
378683
What are the prime factors of 1819016?
2, 227377
What are the prime factors of 45627?
3, 67, 227
List the prime factors of 28158260.
2, 5, 13, 108301
What are the prime factors of 9402248?
2, 509, 2309
What are the prime factors of 1040984?
2, 7, 29, 641
What are the prime factors of 1198865?
5, 163, 1471
What are the prime factors of 348742?
2, 127, 1373
What are the prime factors of 237950?
2, 5, 4759
List the prime factors of 650134.
2, 173, 1879
What are the prime factors of 7109312?
2, 7, 2267
What are the prime factors of 17662106?
2, 7, 11, 114689
List the prime factors of 15813562.
2, 7906781
What are the prime factors of 23330644?
2, 547, 10663
List the prime factors of 33807036.
2, 3, 2817253
What are the prime factors of 9707153?
17, 157, 3637
List the prime factors of 25808659.
173, 149183
What are the prime factors of 9213880?
2, 5, 13, 29, 47
What are the prime factors of 1024130?
2, 5, 47, 2179
List the prime factors of 204293.
43, 4751
What are the prime factors of 1733872?
2, 7, 113, 137
List the prime factors of 653062.
2, 23, 14197
What are the prime factors of 55775?
5, 23, 97
What are the prime factors of 494781?
3, 7, 23561
List the prime factors of 1982455.
5, 17, 83, 281
List the prime factors of 688413.
3, 11, 23, 907
What are the prime factors of 1065770?
2, 5, 197, 541
List the prime factors of 3873793.
7, 11, 7187
List the prime factors of 3737082.
2, 3, 107, 5821
What are the prime factors of 10871089?
10871089
List the prime factors of 6858666.
2, 3, 381037
List the prime factors of 3690073.
61, 60493
List the prime factors of 3356815.
5, 7, 11, 8719
List the prime factors of 378717.
3, 41, 3079
What are the prime factors of 3067246?
2, 7, 13, 19, 887
List the prime factors of 420108.
2, 3, 13, 2693
List the prime factors of 323867.
17, 19051
What are the prime factors of 4734927?
3, 37, 59, 241
List the prime factors of 825233.
59, 71, 197
What are the prime factors of 425288?
2, 53161
What are the prime factors of 2987406?
2, 3, 29, 59, 97
What are the prime factors of 5555399?
1607, 3457
List the prime factors of 346678.
2, 97, 1787
List the prime factors of 3014813.
3014813
What are the prime factors of 11108263?
11108263
List the prime factors of 2815763.
2815763
List the prime factors of 4742118.
2, 3, 137, 641
What are the prime factors of 4713542?
2, 2356771
List the prime factors of 853343.
359, 2377
List the prime factors of 167803.
31, 5413
What are the prime factors of 2007460?
2, 5, 7, 13, 1103
What are the prime factors of 20379102?
2, 3, 3396517
What are the prime factors of 315151?
83, 3797
What are the prime factors of 3954297?
3, 1318099
What are the prime factors of 1728751?
37, 46723
List the prime factors of 545036.
2, 89, 1531
List the prime factors of 174344.
2, 19, 31, 37
List the prime factors of 8568626.
2, 11, 389483
What are the prime factors of 1196713?
7, 23, 7433
What are the prime factors of 3004918?
2, 7, 37, 5801
What are the prime factors of 3265911?
3, 11, 2999
What are the prime factors of 2780820?
2, 3, 5, 7, 2207
List the prime factors of 605295.
3, 5, 13451
List the prime factors of 338039.
13, 26003
List the prime factors of 715930.
2, 5, 71593
List the prime factors of 2172100.
2, 5, 7, 29, 107
What are the prime factors of 8514454?
2, 13, 327479
List the prime factors of 204748.
2, 17, 3011
List the prime factors of 5851015.
5, 1170203
List the prime factors of 2445339.
3, 13, 62701
List the prime factors of 699820.
2, 5, 11, 3181
What are the prime factors of 19541019?
3, 67, 191, 509
What are the prime factors of 58501?
19, 3079
List the prime factors of 29120531.
11, 2647321
What are the prime factors of 211011?
3, 37, 1901
What are the prime factors of 238994?
2, 7, 43, 397
What are the prime factors of 797239?
29, 37, 743
List the prime factors of 5016838.
2, 647, 3877
What are the prime factors of 1668070?
2, 5, 166807
List the prime factors of 8314082.
2, 7, 593863
List the prime factors of 15397884.
2, 3, 142573
What are the prime factors of 29383772?
2, 11, 37, 18049
List the prime factors of 371738.
2, 185869
What are the prime factors of 1237690?
2, 5, 61, 2029
What are the prime factors of 321639?
3, 29, 3697
List the prime factors of 435542.
2, 217771
What are the prime factors of 3085766?
2, 43, 53, 677
What are the prime factors of 436648?
2, 54581
List the prime factors of 21762203.
67, 324809
What are the prime factors of 8133203?
13, 625631
What are the prime factors of 441183?
3, 199, 739
What are the prime factors of 189294?
2, 3, 7, 4507
What are the prime factors of 1763933?
673, 2621
List the prime factors of 4495481.
4495481
What are the prime factors of 17797527?
3, 11, 59, 277
List the prime factors of 337528.
2, 31, 1361
List the prime factors of 74888.
2, 11, 23, 37
What are the prime factors of 5029595?
5, 31, 37, 877
List the prime factors of 380812.
2, 95203
What are the prime factors of 309508?
2, 77377
List the prime factors of 64066.
2, 103, 311
List the prime factors of 1130085.
3, 5, 11, 761
List the prime factors of 846063.
3, 94007
List the prime factors of 2845875.
3, 5, 7589
What are the prime factors of 388860?
2, 3, 5, 6481
What are the prime factors of 357637?
7, 19, 2689
List the prime factors of 269426.
2, 107, 1259
What are the prime factors of 34839834?
2, 3, 17, 73, 4679
What are the prime factors of 3826046?
2, 7, 273289
List the prime factors of 559193.
461, 1213
List the prime factors of 4886751.
3, 1628917
What are the prime factors of 30137300?
2, 5, 83, 3631
What are the prime factors of 